{"id":3,"date":"2023-09-24T19:46:59","date_gmt":"2023-09-24T17:46:59","guid":{"rendered":"https:\/\/server971439.nazwa.pl\/wordpress\/wpn_kancelariaMabo\/?page_id=3"},"modified":"2023-10-23T20:41:00","modified_gmt":"2023-10-23T18:41:00","slug":"polityka-prywatnosci","status":"publish","type":"page","link":"https:\/\/kancelariamabo.pl\/?page_id=3","title":{"rendered":"Polityka prywatno\u015bci"},"content":{"rendered":"\n<p><br>INFORMACJA DOTYCZ\u0104CA PRZETWARZANIA DANYCH OSOBOWYCH<\/p>\n\n\n\n<p><br><strong>Informacje o&nbsp;Administratorze danych osobowych<\/strong><\/p>\n\n\n\n<p><strong>Administratorem, czyli podmiotem decyduj\u0105cym o&nbsp;celach i&nbsp;\u015brodkach przetwarzania Pa\u0144stwa danych osobowych jest<\/strong><\/p>\n\n\n\n<p><strong>S.C. MABO M.M. Marszo\u0142ek 40-035 Katowice ul. Jagiello\u0144ska 5 nip 634-025-15-20<\/strong><\/p>\n\n\n\n<p>W sprawach zwi\u0105zanych z&nbsp;ochron\u0105 danych mo\u017cna si\u0119 z&nbsp;nami skontaktowa\u0107:<\/p>\n\n\n\n<ul class=\"wp-block-list\">\n<li>listownie pod powy\u017cszym adresem,<\/li>\n\n\n\n<li>mailowo: kancelariamabo@gmail.com<\/li>\n\n\n\n<li>telefonicznie +48&nbsp;602-22-34-35 lub 508&nbsp;339 495<\/li>\n<\/ul>\n\n\n\n<p><strong>Pozyskanie danych osobowych i&nbsp;cel ich przetwarzania<\/strong><\/p>\n\n\n\n<p>Przetwarzamy Pa\u0144stwa dane osobowe, kt\u00f3re pozyskali\u015bmy bezpo\u015brednio od Pa\u0144stwa, w&nbsp;nast\u0119puj\u0105cych celach:<\/p>\n\n\n\n<ul class=\"wp-block-list\">\n<li>wst\u0119pny kontakt w&nbsp;sprawie us\u0142ugi prawnej, zawarcie i&nbsp;wykonanie umowy o&nbsp;wykonanie us\u0142ugi prawnej, w&nbsp;tym kontaktowanie si\u0119 w&nbsp;zwi\u0105zku z&nbsp;jej realizacj\u0105 (art. 6 ust. 1 lit. b&nbsp;RODO),<\/li>\n<\/ul>\n\n\n\n<p><strong>Kategorie przetwarzanych danych<\/strong><\/p>\n\n\n\n<p>Przetwarzamy wy\u0142\u0105cznie dane pozyskane od Pa\u0144stwa, zawarte w&nbsp;formularzu kontaktowym, mog\u0105 si\u0119 w\u015br\u00f3d nich znale\u017a\u0107 imi\u0119, nazwisko, numer telefonu, adres e-mail, informacje o&nbsp;stanie faktycznym sprawy oraz dane, kt\u00f3re Klient dobrowolnie i&nbsp;\u015bwiadomie nam przeka\u017ce. Nie przetwarzamy szczeg\u00f3lnych kategorii danych osobowych, chyba \u017ce zostan\u0105 przez Pa\u0144stwa dobrowolnie uj\u0119te w&nbsp;opisie stanu faktycznego.<\/p>\n\n\n\n<p><strong>Okres przechowywania danych osobowych<\/strong><\/p>\n\n\n\n<p>Jako Administrator jeste\u015bmy prawnie zobowi\u0105zani do przechowywania dokument\u00f3w zawieraj\u0105cych dane przez okresy wskazane przepisami prawa lub gdy jest to konieczne do prawid\u0142owego funkcjonowania i&nbsp;zachowania zasady rozliczalno\u015bci. Zawsze przetwarzamy dane osobowe przez okres odpowiadaj\u0105cy okresowi przedawnienia roszcze\u0144, jakie mo\u017ce podnosi\u0107\u0301 administrator danych i&nbsp;jakie mog\u0105 by\u0107 podnoszone wobec administratora danych.<\/p>\n\n\n\n<p><strong>Przekazywanie danych osobowych innym podmiotom<\/strong><\/p>\n\n\n\n<p>Dane osobowe mo\u017cemy przekazywa\u0107\u0301 innym podmiotom, celem realizacji umowy z klientem kt\u00f3re b\u0119d\u0105 je przetwarza\u0142y:<\/p>\n\n\n\n<ul class=\"wp-block-list\">\n<li>podmiotom \u015bwiadcz\u0105cym na nasza rzecz us\u0142ugi np. informatyczne, wykonywane przez naszych dostawc\u00f3w w&nbsp;celu prawid\u0142owego funkcjonowania Administratora danych, wsp\u00f3\u0142pracuj\u0105cy adwokaci, radcy prawni, biegli.<\/li>\n\n\n\n<li>bankom, o ile wystapi konieczno\u015bci prowadzenia rozlicze\u0144,<\/li>\n\n\n\n<li>podmiotom umo\u017cliwiaj\u0105cym nam dokonywanie zdalnych operacji p\u0142atniczych,<\/li>\n\n\n\n<li>Towarzystwom ubezpieczeniowym o ile sprawa ich dotyczy,<\/li>\n<\/ul>\n\n\n\n<p>Dane s\u0105 przetwarzane wy\u0142\u0105cznie na terenie Europejskiego Obszaru Gospodarczego. Dane osobowe nie b\u0119d\u0105 przetwarzane w&nbsp;spos\u00f3b zautomatyzowany, w&nbsp;tym nie b\u0119d\u0105 podlega\u0107\u0301 profilowaniu.<\/p>\n\n\n\n<p><strong>Pa\u0144stwa prawa<\/strong><\/p>\n\n\n\n<p>Ka\u017cdej osobie, kt\u00f3rej dane s\u0105 przetwarzane, przys\u0142uguje prawo dost\u0119pu do tre\u015bci swoich danych oraz prawo ich sprostowania, usuni\u0119cia, ograniczenia przetwarzania, prawo do przenoszenia danych, prawo wniesienia sprzeciwu, prawo do cofni\u0119cia zgody w&nbsp;dowolnym momencie bez wp\u0142ywu na zgodno\u015b\u0107\u0301 z&nbsp;prawem przetwarzania, kt\u00f3rego dokonano na podstawie zgody przed jej cofni\u0119ciem (o ile dane przetwarzanie odbywa si\u0119 na podstawie zgody, a&nbsp;nie na innej podstawie prawnej). Nadto, w&nbsp;sytuacji, gdy przetwarzanie, kt\u00f3rego dokonujemy narusza przepisy RODO, posiadacie Pa\u0144stwo prawo wniesienia skargi do organu nadzorczego, tj. Prezesa Urz\u0119du Ochrony Danych Osobowych. Podanie danych jest niezb\u0119dne do zawarcia um\u00f3w i&nbsp;rozliczenia prowadzonej dzia\u0142alno\u015bci. W pozosta\u0142ym zakresie podanie danych jest dobrowolne.<\/p>\n\n\n\n<p>Polityka cookies<\/p>\n\n\n\n<p><br><strong>Przez u\u017cywanie strony wyra\u017casz zgod\u0119 na u\u017cywanie ciasteczek zgodnie z&nbsp;Polityk\u0105 Ciasteczek. Je\u017celi nie zgadzasz si\u0119 na u\u017cywanie ciasteczek, powiniene\u015b zmieni\u0107 ustawienia swojej przegl\u0105darki w&nbsp;odpowiedni spos\u00f3b lub zrezygnowa\u0107 z&nbsp;u\u017cywania strony.<\/strong><\/p>\n\n\n\n<p><br><strong>Co to s\u0105 ciasteczka?<\/strong><\/p>\n\n\n\n<p>Ciasteczka (ang. cookies) to niewielkie pliki, zapisywane i&nbsp;przechowywane na twoim komputerze, tablecie lub smartphonie podczas gdy odwiedzasz r\u00f3\u017cne strony w&nbsp;internecie. Ciasteczko zazwyczaj zawiera nazw\u0119 strony internetowej, z&nbsp;kt\u00f3rej pochodzi, \u201ed\u0142ugo\u015b\u0107 \u017cycia\u201d ciasteczka (to znaczy czas jego istnienia), oraz przypadkowo wygenerowany unikalny numer s\u0142u\u017c\u0105cy do identyfikacji przegl\u0105darki, z&nbsp;jakiej nast\u0119puje po\u0142\u0105czenie ze stron\u0105 internetow\u0105.<\/p>\n\n\n\n<p><br><strong>Do czego s\u0105 u\u017cywane ciasteczka?<\/strong><\/p>\n\n\n\n<ul class=\"wp-block-list\">\n<li>Pomagaj\u0105 by strona dzia\u0142a\u0142a szybciej i&nbsp;by\u0142a \u0142atwiejsza w&nbsp;u\u017cyciu,<\/li>\n\n\n\n<li>Pomagaj\u0105 lepiej dopasowa\u0107 tre\u015bci i&nbsp;reklamy do Twoich oczekiwa\u0144 i&nbsp;zainteresowa\u0144,<\/li>\n\n\n\n<li>S\u0142u\u017c\u0105 do zbierania anonimowych statystyk, kt\u00f3re pozwalaj\u0105 zrozumie\u0107 jak u\u017cywana jest strona i&nbsp;pomagaj\u0105 w&nbsp;poprawianiu ich funkcjonalno\u015bci i&nbsp;zawarto\u015bci.<\/li>\n<\/ul>\n\n\n\n<p>\u015aci\u015ble konieczne: S\u0105 to pliki cookie, kt\u00f3re s\u0105 niezb\u0119dne Stronie Stowarzyszenia Wokanda do wykonywania podstawowych funkcji. Nale\u017c\u0105 do nich wymagane do uwierzytelniania i obs\u0142ugi kont, zarejestrowanych u\u017cytkownik\u00f3w.<\/p>\n\n\n\n<p>Funkcjonalno\u015b\u0107: ciasteczka u\u017cywane s\u0105, aby przechowywa\u0107 ustawienia u\u017cytkownik\u00f3w, takie jak nazwa konta, j\u0119zyk i lokalizacja.<\/p>\n\n\n\n<p>Wydajno\u015b\u0107: Pliki ciasteczek wydajno\u015bci zbieraj\u0105 informacje o tym, jak u\u017cytkownicy wchodz\u0105 w interakcj\u0119 ze stronami internetowymi hostowanymi na Stronie Stowarzyszenia Wokanda, w tym kt\u00f3re cz\u0119\u015bci witryny s\u0105 najcz\u0119\u015bciej odwiedzane, a tak\u017ce inne dane analityczne. Dane s\u0105 wykorzystywane wy\u0142\u0105cznie w celu poprawy funkcjonowania witryny.<\/p>\n\n\n\n<p>\u015aledzenie: S\u0105 one ustawione przez zaufane sieci stron trzecich (np. Google Analytics) w celu \u015bledzenia szczeg\u00f3\u0142\u00f3w, takich jak liczba unikalnych go\u015bci i przegl\u0105d\u00f3w stron, aby pom\u00f3c w poprawieniu funkcjonalno\u015bci Stroniy Stowarzyszenia Wokanda ..<\/p>\n\n\n\n<p><br><br><strong>Konfigurowanie i&nbsp;usuwanie plik\u00f3w \u201ecookies\u201d<\/strong><\/p>\n\n\n\n<p>Przegl\u0105darka internetowa domy\u015blnie dopuszcza umieszczanie plik\u00f3w \u201ecookies\u201d na urz\u0105dzeniu ko\u0144cowym. Ustawienia te mog\u0105 zosta\u0107 zmienione w&nbsp;taki spos\u00f3b, aby blokowa\u0107 automatyczn\u0105 obs\u0142ug\u0119 plik\u00f3w \u201ecookies\u201d w&nbsp;ustawieniach przegl\u0105darki internetowej lub informowa\u0107 o&nbsp;ich ka\u017cdorazowym przes\u0142aniu na urz\u0105dzenie u\u017cytkownika. Szczeg\u00f3\u0142owe informacje o&nbsp;mo\u017cliwo\u015bci i&nbsp;sposobach obs\u0142ugi plik\u00f3w \u201ecookies\u201d dost\u0119pne s\u0105 w&nbsp;ustawieniach oprogramowania (przegl\u0105darki internetowej).<\/p>\n\n\n\n<figure class=\"wp-block-embed is-type-wp-embed is-provider-pomoc-home-pl wp-block-embed-pomoc-home-pl\"><div class=\"wp-block-embed__wrapper\">\n<blockquote class=\"wp-embedded-content\" data-secret=\"Rrb8JZBONR\"><a href=\"https:\/\/pomoc.home.pl\/baza-wiedzy\/jak-wlaczyc-lub-wylaczyc-obsluge-plikow-cookies-w-przegladarce\">Jak w\u0142\u0105czy\u0107 lub wy\u0142\u0105czy\u0107 obs\u0142ug\u0119 plik\u00f3w cookies w przegl\u0105darce?<\/a><\/blockquote><iframe loading=\"lazy\" class=\"wp-embedded-content\" sandbox=\"allow-scripts\" security=\"restricted\" style=\"position: absolute; clip: rect(1px, 1px, 1px, 1px);\" title=\"&#8222;Jak w\u0142\u0105czy\u0107 lub wy\u0142\u0105czy\u0107 obs\u0142ug\u0119 plik\u00f3w cookies w przegl\u0105darce?&#8221; &#8212; Pomoc | home.pl\" src=\"https:\/\/pomoc.home.pl\/baza-wiedzy\/jak-wlaczyc-lub-wylaczyc-obsluge-plikow-cookies-w-przegladarce\/embed#?secret=6yk1rcCGq2#?secret=Rrb8JZBONR\" data-secret=\"Rrb8JZBONR\" width=\"600\" height=\"338\" frameborder=\"0\" marginwidth=\"0\" marginheight=\"0\" scrolling=\"no\"><\/iframe>\n<\/div><\/figure>\n","protected":false},"excerpt":{"rendered":"<p>INFORMACJA DOTYCZ\u0104CA PRZETWARZANIA DANYCH OSOBOWYCH Informacje o&nbsp;Administratorze danych osobowych Administratorem, czyli podmiotem decyduj\u0105cym o&nbsp;celach i&nbsp;\u015brodkach przetwarzania Pa\u0144stwa danych osobowych jest S.C. MABO M.M. Marszo\u0142ek 40-035 Katowice ul. Jagiello\u0144ska 5 nip 634-025-15-20 W sprawach zwi\u0105zanych z&nbsp;ochron\u0105 danych mo\u017cna si\u0119 z&nbsp;nami skontaktowa\u0107: Pozyskanie danych osobowych i&nbsp;cel ich przetwarzania Przetwarzamy Pa\u0144stwa dane osobowe, kt\u00f3re pozyskali\u015bmy bezpo\u015brednio od Pa\u0144stwa, &hellip; <a href=\"https:\/\/kancelariamabo.pl\/?page_id=3\" class=\"more-link\">Continue reading<span class=\"screen-reader-text\"> &#8222;Polityka prywatno\u015bci&#8221;<\/span><\/a><\/p>\n","protected":false},"author":3,"featured_media":0,"parent":0,"menu_order":0,"comment_status":"closed","ping_status":"open","template":"","meta":{"footnotes":""},"class_list":["post-3","page","type-page","status-publish","hentry"],"yoast_head":"<!-- This site is optimized with the Yoast SEO plugin v21.8.1 - https:\/\/yoast.com\/wordpress\/plugins\/seo\/ -->\n<title>Polityka prywatno\u015bci - Kancelaria Mabo<\/title>\n<meta name=\"robots\" content=\"index, follow, max-snippet:-1, max-image-preview:large, max-video-preview:-1\" \/>\n<link rel=\"canonical\" href=\"https:\/\/kancelariamabo.pl\/?page_id=3\" \/>\n<meta property=\"og:locale\" content=\"pl_PL\" \/>\n<meta property=\"og:type\" content=\"article\" \/>\n<meta property=\"og:title\" content=\"Polityka prywatno\u015bci - Kancelaria Mabo\" \/>\n<meta property=\"og:description\" content=\"INFORMACJA DOTYCZ\u0104CA PRZETWARZANIA DANYCH OSOBOWYCH Informacje o&nbsp;Administratorze danych osobowych Administratorem, czyli podmiotem decyduj\u0105cym o&nbsp;celach i&nbsp;\u015brodkach przetwarzania Pa\u0144stwa danych osobowych jest S.C. MABO M.M. Marszo\u0142ek 40-035 Katowice ul. Jagiello\u0144ska 5 nip 634-025-15-20 W sprawach zwi\u0105zanych z&nbsp;ochron\u0105 danych mo\u017cna si\u0119 z&nbsp;nami skontaktowa\u0107: Pozyskanie danych osobowych i&nbsp;cel ich przetwarzania Przetwarzamy Pa\u0144stwa dane osobowe, kt\u00f3re pozyskali\u015bmy bezpo\u015brednio od Pa\u0144stwa, &hellip; Continue reading &quot;Polityka prywatno\u015bci&quot;\" \/>\n<meta property=\"og:url\" content=\"https:\/\/kancelariamabo.pl\/?page_id=3\" \/>\n<meta property=\"og:site_name\" content=\"Kancelaria Mabo\" \/>\n<meta property=\"article:modified_time\" content=\"2023-10-23T18:41:00+00:00\" \/>\n<meta name=\"twitter:card\" content=\"summary_large_image\" \/>\n<meta name=\"twitter:label1\" content=\"Szacowany czas czytania\" \/>\n\t<meta name=\"twitter:data1\" content=\"5 minut\" \/>\n<script type=\"application\/ld+json\" class=\"yoast-schema-graph\">{\"@context\":\"https:\/\/schema.org\",\"@graph\":[{\"@type\":\"WebPage\",\"@id\":\"https:\/\/kancelariamabo.pl\/?page_id=3\",\"url\":\"https:\/\/kancelariamabo.pl\/?page_id=3\",\"name\":\"Polityka prywatno\u015bci - Kancelaria Mabo\",\"isPartOf\":{\"@id\":\"https:\/\/kancelariamabo.pl\/#website\"},\"datePublished\":\"2023-09-24T17:46:59+00:00\",\"dateModified\":\"2023-10-23T18:41:00+00:00\",\"breadcrumb\":{\"@id\":\"https:\/\/kancelariamabo.pl\/?page_id=3#breadcrumb\"},\"inLanguage\":\"pl-PL\",\"potentialAction\":[{\"@type\":\"ReadAction\",\"target\":[\"https:\/\/kancelariamabo.pl\/?page_id=3\"]}]},{\"@type\":\"BreadcrumbList\",\"@id\":\"https:\/\/kancelariamabo.pl\/?page_id=3#breadcrumb\",\"itemListElement\":[{\"@type\":\"ListItem\",\"position\":1,\"name\":\"Home\",\"item\":\"https:\/\/kancelariamabo.pl\/\"},{\"@type\":\"ListItem\",\"position\":2,\"name\":\"Polityka prywatno\u015bci\"}]},{\"@type\":\"WebSite\",\"@id\":\"https:\/\/kancelariamabo.pl\/#website\",\"url\":\"https:\/\/kancelariamabo.pl\/\",\"name\":\"Kancelaria Mabo\",\"description\":\"\",\"potentialAction\":[{\"@type\":\"SearchAction\",\"target\":{\"@type\":\"EntryPoint\",\"urlTemplate\":\"https:\/\/kancelariamabo.pl\/?s={search_term_string}\"},\"query-input\":\"required name=search_term_string\"}],\"inLanguage\":\"pl-PL\"}]}<\/script>\n<!-- \/ Yoast SEO plugin. -->","yoast_head_json":{"title":"Polityka prywatno\u015bci - Kancelaria Mabo","robots":{"index":"index","follow":"follow","max-snippet":"max-snippet:-1","max-image-preview":"max-image-preview:large","max-video-preview":"max-video-preview:-1"},"canonical":"https:\/\/kancelariamabo.pl\/?page_id=3","og_locale":"pl_PL","og_type":"article","og_title":"Polityka prywatno\u015bci - Kancelaria Mabo","og_description":"INFORMACJA DOTYCZ\u0104CA PRZETWARZANIA DANYCH OSOBOWYCH Informacje o&nbsp;Administratorze danych osobowych Administratorem, czyli podmiotem decyduj\u0105cym o&nbsp;celach i&nbsp;\u015brodkach przetwarzania Pa\u0144stwa danych osobowych jest S.C. MABO M.M. Marszo\u0142ek 40-035 Katowice ul. Jagiello\u0144ska 5 nip 634-025-15-20 W sprawach zwi\u0105zanych z&nbsp;ochron\u0105 danych mo\u017cna si\u0119 z&nbsp;nami skontaktowa\u0107: Pozyskanie danych osobowych i&nbsp;cel ich przetwarzania Przetwarzamy Pa\u0144stwa dane osobowe, kt\u00f3re pozyskali\u015bmy bezpo\u015brednio od Pa\u0144stwa, &hellip; Continue reading \"Polityka prywatno\u015bci\"","og_url":"https:\/\/kancelariamabo.pl\/?page_id=3","og_site_name":"Kancelaria Mabo","article_modified_time":"2023-10-23T18:41:00+00:00","twitter_card":"summary_large_image","twitter_misc":{"Szacowany czas czytania":"5 minut"},"schema":{"@context":"https:\/\/schema.org","@graph":[{"@type":"WebPage","@id":"https:\/\/kancelariamabo.pl\/?page_id=3","url":"https:\/\/kancelariamabo.pl\/?page_id=3","name":"Polityka prywatno\u015bci - Kancelaria Mabo","isPartOf":{"@id":"https:\/\/kancelariamabo.pl\/#website"},"datePublished":"2023-09-24T17:46:59+00:00","dateModified":"2023-10-23T18:41:00+00:00","breadcrumb":{"@id":"https:\/\/kancelariamabo.pl\/?page_id=3#breadcrumb"},"inLanguage":"pl-PL","potentialAction":[{"@type":"ReadAction","target":["https:\/\/kancelariamabo.pl\/?page_id=3"]}]},{"@type":"BreadcrumbList","@id":"https:\/\/kancelariamabo.pl\/?page_id=3#breadcrumb","itemListElement":[{"@type":"ListItem","position":1,"name":"Home","item":"https:\/\/kancelariamabo.pl\/"},{"@type":"ListItem","position":2,"name":"Polityka prywatno\u015bci"}]},{"@type":"WebSite","@id":"https:\/\/kancelariamabo.pl\/#website","url":"https:\/\/kancelariamabo.pl\/","name":"Kancelaria Mabo","description":"","potentialAction":[{"@type":"SearchAction","target":{"@type":"EntryPoint","urlTemplate":"https:\/\/kancelariamabo.pl\/?s={search_term_string}"},"query-input":"required name=search_term_string"}],"inLanguage":"pl-PL"}]}},"_links":{"self":[{"href":"https:\/\/kancelariamabo.pl\/index.php?rest_route=\/wp\/v2\/pages\/3","targetHints":{"allow":["GET"]}}],"collection":[{"href":"https:\/\/kancelariamabo.pl\/index.php?rest_route=\/wp\/v2\/pages"}],"about":[{"href":"https:\/\/kancelariamabo.pl\/index.php?rest_route=\/wp\/v2\/types\/page"}],"author":[{"embeddable":true,"href":"https:\/\/kancelariamabo.pl\/index.php?rest_route=\/wp\/v2\/users\/3"}],"replies":[{"embeddable":true,"href":"https:\/\/kancelariamabo.pl\/index.php?rest_route=%2Fwp%2Fv2%2Fcomments&post=3"}],"version-history":[{"count":1,"href":"https:\/\/kancelariamabo.pl\/index.php?rest_route=\/wp\/v2\/pages\/3\/revisions"}],"predecessor-version":[{"id":84,"href":"https:\/\/kancelariamabo.pl\/index.php?rest_route=\/wp\/v2\/pages\/3\/revisions\/84"}],"wp:attachment":[{"href":"https:\/\/kancelariamabo.pl\/index.php?rest_route=%2Fwp%2Fv2%2Fmedia&parent=3"}],"curies":[{"name":"wp","href":"https:\/\/api.w.org\/{rel}","templated":true}]}}