{"id":120,"date":"2024-01-15T21:15:15","date_gmt":"2024-01-15T20:15:15","guid":{"rendered":"https:\/\/server971439.nazwa.pl\/wordpress\/wpn_kancelariaMabo\/?page_id=120"},"modified":"2024-04-03T09:41:05","modified_gmt":"2024-04-03T07:41:05","slug":"prawnicy","status":"publish","type":"page","link":"https:\/\/kancelariamabo.pl\/?page_id=120","title":{"rendered":"Prawnicy"},"content":{"rendered":"\n    \n    <section class=\"u-clearfix u-image u-section-2\" id=\"sec-03c2\" data-image-width=\"4171\" data-image-height=\"2423\" style=\"background-image: url(&quot;https:\/\/kancelariamabo.pl\/wp-content\/uploads\/2024\/01\/Maa_sala_rozpraw_Trybunau_Konstytucyjnego_2016_03-min.png&quot;);\">\n      <div class=\"u-clearfix u-sheet u-sheet-1\">\n        <div class=\"u-align-center u-container-style u-group u-palette-3-base u-shape-circle u-group-1\" data-animation-name=\"customAnimationIn\" data-animation-duration=\"1500\" data-animation-delay=\"500\" data-href=\"https:\/\/kancelariamabo.pl\/?page_id=49\">\n          <div class=\"u-container-layout u-container-layout-1\">\n            <h1 class=\"u-align-center u-custom-font u-text u-text-1\" data-animation-name=\"customAnimationIn\" data-animation-duration=\"1750\" data-animation-delay=\"250\"> Kancelaria&nbsp; Prawna MABO<\/h1>\n            <a href=\"tel:+48 602 223 430\" class=\"u-border-none u-btn u-btn-round u-button-style u-hover-palette-4-base u-radius-50 u-white u-btn-1\"><span class=\"u-icon u-text-palette-2-dark-1 u-icon-1\"><svg class=\"u-svg-content\" viewBox=\"0 0 513.64 513.64\" x=\"0px\" y=\"0px\" style=\"width: 1em; height: 1em;\"><path d=\"M499.66,376.96l-71.68-71.68c-25.6-25.6-69.12-15.359-79.36,17.92c-7.68,23.041-33.28,35.841-56.32,30.72 c-51.2-12.8-120.32-79.36-133.12-133.12c-7.68-23.041,7.68-48.641,30.72-56.32c33.28-10.24,43.52-53.76,17.92-79.36l-71.68-71.68 c-20.48-17.92-51.2-17.92-69.12,0l-48.64,48.64c-48.64,51.2,5.12,186.88,125.44,307.2c120.32,120.32,256,176.641,307.2,125.44 l48.64-48.64C517.581,425.6,517.581,394.88,499.66,376.96z\"><\/path><\/svg><\/span>+48 602 223 430\n            <\/a>\n          <\/div>\n        <\/div>\n      <\/div>\n    <\/section>\n    <section class=\"u-clearfix u-grey-5 u-section-3\" id=\"sec-9e44\">\n      <div class=\"u-clearfix u-sheet u-sheet-1\">\n        <h3 class=\"u-text u-text-1\">Dlaczego My?<\/h3>\n        <p class=\"u-text u-text-2\">Prawnicy w naszej kancelarii, to nie tylko osoby posiadaj\u0105ce odpowiednie uprawnienia zawodowe, ale przede wszystkim wiedz\u0119, do\u015bwiadczenie, kt\u00f3re stanowi\u0105 doskona\u0142e uzupe\u0142nienie \u015bwiadczonych przez nas us\u0142ug prawnych ale r\u00f3wnie\u017c osoby obdarzone empati\u0105, potrafi\u0105ce zrozumie\u0107 problemy swoich Klient\u00f3w&nbsp;<br>Dzi\u0119ki komplementarnym a zarazem szerokim specjalizacjom, umiej\u0119tno\u015bciom, oraz d\u0142ugoletnim do\u015bwiadczeniu&nbsp; tworzymy zgrany Zesp\u00f3\u0142, kt\u00f3ry jest w stanie planowa\u0107 i wdra\u017ca\u0107 nowoczesne i skuteczne strategie dla Twojego sukcesu! \u015awiadczone przez nas&nbsp;<a href=\"https:\/\/zawisza-olejarnik.pl\/uslugi-prawne\/\" target=\"_blank\" rel=\"noopener\" class=\"u-active-none u-border-none u-btn u-button-style u-hover-none u-none u-text-palette-1-base u-btn-1\">us\u0142ugi prawne<\/a>&nbsp;dedykowane s\u0105 dla os\u00f3b indywidualnych, przedsi\u0119biorc\u00f3w, firm oraz instytucji.<br>Je\u017celi szukaj\u0105 Pa\u0144stwo do\u015bwiadczonego Prawnika lub Radcy Prawnego , zapraszamy do kontaktu.\n        <\/p>\n        <a href=\"tel:+48602223430\" class=\"u-align-center-lg u-align-center-md u-align-center-xl u-align-left-sm u-align-left-xs u-border-active-palette-2-light-2 u-border-hover-palette-2-light-2 u-border-none u-btn u-btn-round u-button-style u-color-scheme-summer-time u-color-style-multicolor-1 u-custom u-grey-90 u-radius-50 u-text-active-palette-3-base u-text-hover-palette-3-base u-btn-2\" data-animation-name=\"\" data-animation-duration=\"0\" data-animation-delay=\"0\" data-animation-direction=\"\">+48 602 223 430<\/a>\n        <a href=\"mailto:kancelariamabo@gmail.com?subject=zapytanie ze strony www\" class=\"u-align-center-lg u-align-center-md u-align-center-xl u-align-left-sm u-align-left-xs u-border-active-palette-2-light-2 u-border-hover-palette-2-light-2 u-border-none u-btn u-btn-round u-button-style u-color-scheme-summer-time u-color-style-multicolor-1 u-custom u-grey-90 u-radius-50 u-text-active-palette-3-base u-text-hover-palette-3-base u-btn-3\" data-animation-name=\"\" data-animation-duration=\"0\" data-animation-delay=\"0\" data-animation-direction=\"\">kancelariamabo@gmail.com<\/a>\n      <\/div>\n    <\/section>\n    \n    \n    \n  \n","protected":false},"excerpt":{"rendered":"<p>Kancelaria&nbsp; Prawna MABO +48 602 223 430 Dlaczego My? Prawnicy w naszej kancelarii, to nie tylko osoby posiadaj\u0105ce odpowiednie uprawnienia zawodowe, ale przede wszystkim wiedz\u0119, do\u015bwiadczenie, kt\u00f3re stanowi\u0105 doskona\u0142e uzupe\u0142nienie \u015bwiadczonych przez nas us\u0142ug prawnych ale r\u00f3wnie\u017c osoby obdarzone empati\u0105, potrafi\u0105ce zrozumie\u0107 problemy swoich Klient\u00f3w&nbsp;Dzi\u0119ki komplementarnym a zarazem szerokim specjalizacjom, umiej\u0119tno\u015bciom, oraz d\u0142ugoletnim do\u015bwiadczeniu&nbsp; tworzymy &hellip; <a href=\"https:\/\/kancelariamabo.pl\/?page_id=120\" class=\"more-link\">Continue reading<span class=\"screen-reader-text\"> &#8222;Prawnicy&#8221;<\/span><\/a><\/p>\n","protected":false},"author":3,"featured_media":0,"parent":0,"menu_order":0,"comment_status":"closed","ping_status":"closed","template":"","meta":{"footnotes":""},"class_list":["post-120","page","type-page","status-publish","hentry"],"yoast_head":"<!-- This site is optimized with the Yoast SEO plugin v21.8.1 - https:\/\/yoast.com\/wordpress\/plugins\/seo\/ -->\n<title>Prawnicy - Kancelaria Mabo<\/title>\n<meta name=\"robots\" content=\"index, follow, max-snippet:-1, max-image-preview:large, max-video-preview:-1\" \/>\n<link rel=\"canonical\" href=\"https:\/\/kancelariamabo.pl\/?page_id=120\" \/>\n<meta property=\"og:locale\" content=\"pl_PL\" \/>\n<meta property=\"og:type\" content=\"article\" \/>\n<meta property=\"og:title\" content=\"Prawnicy - Kancelaria Mabo\" \/>\n<meta property=\"og:description\" content=\"Kancelaria&nbsp; Prawna MABO +48 602 223 430 Dlaczego My? Prawnicy w naszej kancelarii, to nie tylko osoby posiadaj\u0105ce odpowiednie uprawnienia zawodowe, ale przede wszystkim wiedz\u0119, do\u015bwiadczenie, kt\u00f3re stanowi\u0105 doskona\u0142e uzupe\u0142nienie \u015bwiadczonych przez nas us\u0142ug prawnych ale r\u00f3wnie\u017c osoby obdarzone empati\u0105, potrafi\u0105ce zrozumie\u0107 problemy swoich Klient\u00f3w&nbsp;Dzi\u0119ki komplementarnym a zarazem szerokim specjalizacjom, umiej\u0119tno\u015bciom, oraz d\u0142ugoletnim do\u015bwiadczeniu&nbsp; tworzymy &hellip; Continue reading &quot;Prawnicy&quot;\" \/>\n<meta property=\"og:url\" content=\"https:\/\/kancelariamabo.pl\/?page_id=120\" \/>\n<meta property=\"og:site_name\" content=\"Kancelaria Mabo\" \/>\n<meta property=\"article:modified_time\" content=\"2024-04-03T07:41:05+00:00\" \/>\n<meta name=\"twitter:card\" content=\"summary_large_image\" \/>\n<meta name=\"twitter:label1\" content=\"Szacowany czas czytania\" \/>\n\t<meta name=\"twitter:data1\" content=\"1 minuta\" \/>\n<script type=\"application\/ld+json\" class=\"yoast-schema-graph\">{\"@context\":\"https:\/\/schema.org\",\"@graph\":[{\"@type\":\"WebPage\",\"@id\":\"https:\/\/kancelariamabo.pl\/?page_id=120\",\"url\":\"https:\/\/kancelariamabo.pl\/?page_id=120\",\"name\":\"Prawnicy - Kancelaria Mabo\",\"isPartOf\":{\"@id\":\"https:\/\/kancelariamabo.pl\/#website\"},\"datePublished\":\"2024-01-15T20:15:15+00:00\",\"dateModified\":\"2024-04-03T07:41:05+00:00\",\"breadcrumb\":{\"@id\":\"https:\/\/kancelariamabo.pl\/?page_id=120#breadcrumb\"},\"inLanguage\":\"pl-PL\",\"potentialAction\":[{\"@type\":\"ReadAction\",\"target\":[\"https:\/\/kancelariamabo.pl\/?page_id=120\"]}]},{\"@type\":\"BreadcrumbList\",\"@id\":\"https:\/\/kancelariamabo.pl\/?page_id=120#breadcrumb\",\"itemListElement\":[{\"@type\":\"ListItem\",\"position\":1,\"name\":\"Home\",\"item\":\"https:\/\/kancelariamabo.pl\/\"},{\"@type\":\"ListItem\",\"position\":2,\"name\":\"Prawnicy\"}]},{\"@type\":\"WebSite\",\"@id\":\"https:\/\/kancelariamabo.pl\/#website\",\"url\":\"https:\/\/kancelariamabo.pl\/\",\"name\":\"Kancelaria Mabo\",\"description\":\"\",\"potentialAction\":[{\"@type\":\"SearchAction\",\"target\":{\"@type\":\"EntryPoint\",\"urlTemplate\":\"https:\/\/kancelariamabo.pl\/?s={search_term_string}\"},\"query-input\":\"required name=search_term_string\"}],\"inLanguage\":\"pl-PL\"}]}<\/script>\n<!-- \/ Yoast SEO plugin. -->","yoast_head_json":{"title":"Prawnicy - Kancelaria Mabo","robots":{"index":"index","follow":"follow","max-snippet":"max-snippet:-1","max-image-preview":"max-image-preview:large","max-video-preview":"max-video-preview:-1"},"canonical":"https:\/\/kancelariamabo.pl\/?page_id=120","og_locale":"pl_PL","og_type":"article","og_title":"Prawnicy - Kancelaria Mabo","og_description":"Kancelaria&nbsp; Prawna MABO +48 602 223 430 Dlaczego My? Prawnicy w naszej kancelarii, to nie tylko osoby posiadaj\u0105ce odpowiednie uprawnienia zawodowe, ale przede wszystkim wiedz\u0119, do\u015bwiadczenie, kt\u00f3re stanowi\u0105 doskona\u0142e uzupe\u0142nienie \u015bwiadczonych przez nas us\u0142ug prawnych ale r\u00f3wnie\u017c osoby obdarzone empati\u0105, potrafi\u0105ce zrozumie\u0107 problemy swoich Klient\u00f3w&nbsp;Dzi\u0119ki komplementarnym a zarazem szerokim specjalizacjom, umiej\u0119tno\u015bciom, oraz d\u0142ugoletnim do\u015bwiadczeniu&nbsp; tworzymy &hellip; Continue reading \"Prawnicy\"","og_url":"https:\/\/kancelariamabo.pl\/?page_id=120","og_site_name":"Kancelaria Mabo","article_modified_time":"2024-04-03T07:41:05+00:00","twitter_card":"summary_large_image","twitter_misc":{"Szacowany czas czytania":"1 minuta"},"schema":{"@context":"https:\/\/schema.org","@graph":[{"@type":"WebPage","@id":"https:\/\/kancelariamabo.pl\/?page_id=120","url":"https:\/\/kancelariamabo.pl\/?page_id=120","name":"Prawnicy - Kancelaria Mabo","isPartOf":{"@id":"https:\/\/kancelariamabo.pl\/#website"},"datePublished":"2024-01-15T20:15:15+00:00","dateModified":"2024-04-03T07:41:05+00:00","breadcrumb":{"@id":"https:\/\/kancelariamabo.pl\/?page_id=120#breadcrumb"},"inLanguage":"pl-PL","potentialAction":[{"@type":"ReadAction","target":["https:\/\/kancelariamabo.pl\/?page_id=120"]}]},{"@type":"BreadcrumbList","@id":"https:\/\/kancelariamabo.pl\/?page_id=120#breadcrumb","itemListElement":[{"@type":"ListItem","position":1,"name":"Home","item":"https:\/\/kancelariamabo.pl\/"},{"@type":"ListItem","position":2,"name":"Prawnicy"}]},{"@type":"WebSite","@id":"https:\/\/kancelariamabo.pl\/#website","url":"https:\/\/kancelariamabo.pl\/","name":"Kancelaria Mabo","description":"","potentialAction":[{"@type":"SearchAction","target":{"@type":"EntryPoint","urlTemplate":"https:\/\/kancelariamabo.pl\/?s={search_term_string}"},"query-input":"required name=search_term_string"}],"inLanguage":"pl-PL"}]}},"_links":{"self":[{"href":"https:\/\/kancelariamabo.pl\/index.php?rest_route=\/wp\/v2\/pages\/120","targetHints":{"allow":["GET"]}}],"collection":[{"href":"https:\/\/kancelariamabo.pl\/index.php?rest_route=\/wp\/v2\/pages"}],"about":[{"href":"https:\/\/kancelariamabo.pl\/index.php?rest_route=\/wp\/v2\/types\/page"}],"author":[{"embeddable":true,"href":"https:\/\/kancelariamabo.pl\/index.php?rest_route=\/wp\/v2\/users\/3"}],"replies":[{"embeddable":true,"href":"https:\/\/kancelariamabo.pl\/index.php?rest_route=%2Fwp%2Fv2%2Fcomments&post=120"}],"version-history":[{"count":8,"href":"https:\/\/kancelariamabo.pl\/index.php?rest_route=\/wp\/v2\/pages\/120\/revisions"}],"predecessor-version":[{"id":168,"href":"https:\/\/kancelariamabo.pl\/index.php?rest_route=\/wp\/v2\/pages\/120\/revisions\/168"}],"wp:attachment":[{"href":"https:\/\/kancelariamabo.pl\/index.php?rest_route=%2Fwp%2Fv2%2Fmedia&parent=120"}],"curies":[{"name":"wp","href":"https:\/\/api.w.org\/{rel}","templated":true}]}}